 greatest common divisor of r and l?
31
Let u(j) = -24*j + 748. Let p be u(0). Calculate the greatest common factor of p and 544.
68
Suppose -4*n + 4*t - 1874 = -5*n, 0 = -4*t - 16. What is the greatest common divisor of n and 490?
70
Suppose -x + 4*d + 183 = 0, 582 = 5*x - d - 295. Let g be (-63300)/(-5697)*(-27)/(-6). Calculate the greatest common divisor of g and x.
25
Let n(p) = 2*p - 23. Let t be n(9). Let m(k) = -6*k - 12. Let r be m(t). Calculate the highest common factor of r and 18.
18
Let h(d) = d**2 - 11*d - 16. Let c be h(13). Let z be 7/(70/(-4)) + 96/15. Let g = -5 + z. Calculate the highest common divisor of c and g.
1
Let a(f) = f**3 - 5*f**2 - 15*f + 1. Suppose -3*h + 31 = -2*g - 1, 4*h - 40 = 2*g. Let b be a(h). What is the greatest common divisor of 146 and b?
73
Suppose -2*t + 255 = 27. Let w = t - 84. Let a(q) = q**2 - 3. Let j be a(-3). Calculate the highest common factor of j and w.
6
Let k(v) = v**3 - 23*v**2 - 49*v - 12. Let g be k(25). Suppose -3*a + 5*t + 1111 = 0, -771 = -3*a + 4*t + 344. What is the greatest common factor of a and g?
13
Let w = -129 - -133. Suppose 2*k = 4*r - k - 16, r - 5*k = w. Let l = -41 + 57. What is the highest common factor of l and r?
4
Suppose -14*s + 16*s - 14 = 0. Suppose 2*z + 1058 - 1064 = 0. What is the highest common factor of z and s?
1
Let f = 2402 + -1884. Let x(n) = -n**2 + n + 7. Let m be x(0). Calculate the greatest common divisor of f and m.
7
Suppose 25*c - 33 = 67. Let x be c/(-48)*-5178 - 1/(-2). What is the greatest common divisor of 16 and x?
16
Suppose -383*c + 398*c - 1725 = 0. Let h be (-6)/4 - 291/(-6). Suppose -3*w + h = -91. What is the highest common factor of c and w?
23
Suppose 33 = 3*z + a - 10, -z = 2*a - 11. Calculate the greatest common divisor of 635 and z.
5
Let j be -4 - (0 - 37) - (3 + 0). Suppose 5*g = h - j, 6*h + g = 2*h + 183. Suppose -64 = -5*d + 26. What is the greatest common factor of h and d?
9
Let z be (6*-4)/(-5 + (-296)/(-64)). Suppose z = 9*t - 134. Calculate the greatest common factor of 4 and t.
2
Let m(o) = -2*o**3 + 20*o**2 + 20*o - 150. Let x be m(9). Let t be 340/55 - (-4)/(-22). Calculate the highest common divisor of t and x.
6
Let c be ((-6)/(-7) - 0)/(20/(-4760)). Let h = c + 330. Calculate the highest common divisor of 70 and h.
14
Suppose -1689 = -2*o - 501. Let w be 520/(-40) - (-5 - 2). Let j be 69 + (33/6 + w)*6. Calculate the highest common divisor of j and o.
66
Suppose -31*o + 10313 = 4*w - 28*o, 2552 = w - 3*o. What is the greatest common divisor of w and 124?
31
Let y be (-97*(-4)/(-6))/(3/(-171)). Suppose -5*c = f - y, -2*c + 5*f - 184 = -1653. Suppose 10*b + 137 = c. What is the greatest common divisor of 40 and b?
20
Suppose -2*w + 2*k = -2*k - 380, 5*k = 5*w - 935. Let d = -175 + w. Calculate the highest common factor of d and 15.
3
Suppose 10*r - 194 = -34. Suppose -r*w - 2*w + 5148 = 0. What is the greatest common divisor of w and 44?
22
Suppose 5*n - 93*f + 95*f - 912 = 0, f = 1. What is the greatest common factor of 7046 and n?
26
Suppose 0 = v - 5, 4*a - 8501 - 2853 = 2*v. Suppose 3*w = 4*z + 2130, -z - 4*z = -4*w + a. Calculate the highest common divisor of 42 and w.
42
Let r = 26393 - 26236. Calculate the highest common divisor of r and 2.
1
Suppose 3*k - 2 = 94. Suppose -20*t - i + 150 = -17*t, -258 = -5*t - 3*i. What is the greatest common factor of t and k?
16
Let l(h) = -69*h - 5173. Let k be l(-75). What is the greatest common divisor of k and 162?
2
Suppose -12291 - 858 = -9*n. What is the greatest common factor of 57 and n?
3
Suppose 2038671 = 207*f + 54*f. Calculate the highest common factor of f and 73.
73
Let l be (33/(-2))/((-1)/14). Suppose 0 = -504*j + 7063 - 299 + 9868. What is the greatest common factor of j and l?
33
Let m(x) = -x + 791. Let q be m(-16). Calculate the greatest common divisor of 3 and q.
3
Let k = -129 - -131. Suppose k*i + 462 = 4*y, -155 = -y + 4*i - 29. What is the highest common divisor of 152 and y?
38
Let c be 39/9 - (-2)/(-6). Let x = -16797 - -16799. Suppose -x*m - 3*m = -4*h + 28, c*h = 2*m + 40. What is the highest common divisor of 30 and h?
6
Let c = -1906 + 2494. What is the highest common factor of 140 and c?
28
Let y(o) = 252*o - 1161. Let d be y(5). Calculate the greatest common factor of d and 341.
11
Suppose 0 = -11*d + 207 - 141. Let r = 159 + -67. Let o = 158 - r. Calculate the highest common factor of o and d.
6
Let t(u) = -199*u**2 + 49*u - 6. Let w(x) = -40*x**2 + 10*x - 1. Let y(c) = 2*t(c) - 11*w(c). Let q be y(1). Calculate the highest common factor of 232 and q.
29
Let g(p) = 2*p + 27. Let d be g(-3). Suppose 23*v - d*v + 5*l = 11, 0 = -3*v + l + 25. What is the greatest common divisor of v and 24?
8
Let u(q) = -28*q - 23. Let i be u(-3). Let t be -7 + (-3 - (-6 - i)). Calculate the greatest common divisor of t and 190.
19
Let f(o) = -9 - 3*o**3 - 156*o + 10*o**2 + 83*o + 80*o. Let d be f(3). What is the highest common factor of d and 15?
3
Suppose 0 = -q + y - 2*y - 32, -4*q - 133 = -y. Let f = 49 + 6. Let i = f + q. Calculate the highest common divisor of 33 and i.
11
Let r be 4/3*(2 + 1). Let c be (-21)/24*-1*8. Suppose -r*m = -3*s - c*m + 189, -3*m = 6. Calculate the greatest common divisor of s and 52.
13
Suppose 76*f = -0*f + 35*f + 820. Suppose 0 = -5*o + t + 98, 0 = 2*o - t - 6 - 32. What is the highest common divisor of f and o?
20
Suppose 3*b - v = 205, -3*v + 15 + 70 = b. Let i = b + -50. What is the highest common factor of 380 and i?
20
Let i(c) = c + 95. Let v be i(0). Let z = -161867 - -161886. Calculate the highest common divisor of z and v.
19
Suppose -4 = 3*g - 4*g. Suppose -19*h + 1827 + 1764 = 0. Suppose h = 10*c + 29. What is the greatest common divisor of c and g?
4
Suppose 261*u - 2372 = 5980. Suppose -2*l + 649 - 9 = 0. What is the highest common divisor of u and l?
32
Let f be 2 - 12/8 - 39/6. Let y be ((-69)/f - 5)*2. Suppose -4*g + y = -3. What is the highest common factor of g and 1?
1
Let q(j) = 2*j**3 + 28*j**2 - 30*j. Let s be q(-15). Suppose 0 = -0*v - v, -2*o + v + 64 = s. What is the greatest common divisor of 96 and o?
32
Suppose 389*x - 385*x = 5428. Calculate the highest common divisor of 59 and x.
59
Let o = 149 - 239. Let l be ((-108)/o)/(3/5). Calculate the greatest common factor of 1 and l.
1
Let z(y) = 10*y**3 + 4*y**2 + y - 2. Let a be z(-2). Let j = a + 98. What is the highest common divisor of j and 30?
30
Let w = -4674 + 8188. What is the highest common factor of w and 56?
14
Let r be 112149/102 - -5*(-1)/(-4)*2. Calculate the highest common factor of r and 87.
29
Suppose -4*n = -73 - 119. Let k(v) = v**3 + 11*v**2 + 13*v + 12. Let a be k(-9). Suppose 2*c - 7 = a. Calculate the highest common factor of n and c.
16
Let h be 88/(-22) + -2 + 526. Calculate the greatest common factor of 120 and h.
40
Let g(u) = -92*u + 117. Let m be g(1). Let i be ((-39)/(-12))/(2/144). Let p = 509 - i. Calculate the greatest common divisor of p and m.
25
Let g = 164 - 131. Let n be (-28)/(-12) + 3/(-9). Suppose 4*s + 16 = -2*u, 5*s + n = 5*u - g. Calculate the highest common divisor of 2 and u.
2
Let w be (((-408)/18)/17)/(1/189). Let n be (-6 - (2 + 30/(-5)))*w. What is the greatest common factor of 56 and n?
56
Let v = 55085 + -55073. Suppose 0 = 4*w - 3*y - 79, -2*w - y = -0*w - 27. What is the highest common factor of v and w?
4
Let c = 633 + -915. Let p = -202 - c. What is the greatest common divisor of p and 60?
20
Let p = -20174 + 34549. Calculate the highest common divisor of 23 and p.
23
Suppose 34 = 24*p - 62. Suppose -3*d + 72 = 3*l, -3*d + p*l + 38 = -41. Calculate the highest common divisor of d and 125.
25
Suppose -515 = -5*f + 2*n, 22*f + 5*n + 185 = 24*f. Calculate the greatest common factor of f and 45.
15
Let g = -100 - -100. Suppose g = 116*i - 108*i - 40. What is the greatest common divisor of 5 and i?
5
Suppose -5*j = -54119 + 52814. Calculate the highest common factor of j and 20619.
261
Suppose -4359*p = -4367*p + 120. Suppose -2*w + 6*w = 0, 2*a - w - 10 = 0. Calculate the greatest common divisor of p and a.
5
Let m(s) = s**2 + 5*s + 25. Let t be m(-3). Let r be ((-2*19)/(-2))/(18/126). What is the highest common factor of t and r?
19
Let k(y) = -4*y**3 + 40*y**2 + 20*y - 173. Let l be k(10). What i